{"id":301,"date":"2024-09-30T14:50:08","date_gmt":"2024-09-30T17:50:08","guid":{"rendered":"https:\/\/redexit.com.ar\/?post_type=product&#038;p=301"},"modified":"2025-12-30T10:39:43","modified_gmt":"2025-12-30T13:39:43","slug":"infinix-note-40-pro","status":"publish","type":"product","link":"https:\/\/redexit.com.ar\/?product=infinix-note-40-pro","title":{"rendered":"Infinix Note 40 Pro"},"content":{"rendered":"<p>\u00a0Especialmente dise\u00f1ado para videojuegos<\/p>\n<p>Fotograf\u00eda profesional en tu bolsillo<br \/>Descubr\u00ed infinitas posibilidades para tus fotos con las 3 c\u00e1maras principales de tu equipo. Pon\u00e9 a prueba tu creatividad y jug\u00e1 con la iluminaci\u00f3n, diferentes planos y efectos para obtener grandes resultados.<\/p>\n<p>Adem\u00e1s, el dispositivo cuenta con c\u00e1mara frontal de 32 Mpx para que puedas sacarte divertidas selfies o hacer videollamadas.<\/p>\n<p>Experiencia visual incre\u00edble<br \/>Mir\u00e1 tus series y pel\u00edculas favoritas con la mejor definici\u00f3n a trav\u00e9s de su pantalla AMOLED de 6.78&#8243;. Disfrut\u00e1 de colores brillantes y detalles precisos en todos tus contenidos.<\/p>\n<p>Capacidad y eficiencia<br \/>Con su potente procesador y memoria RAM de 16 GB tu equipo alcanzar\u00e1 un alto rendimiento con gran velocidad de transmisi\u00f3n de contenidos y ejecutar\u00e1 m\u00faltiples aplicaciones a la vez sin demoras.<\/p>\n<p>Desbloqueo veloz con tu huella dactilar<br \/>Con el sensor de huella dactilar, el acceso es seguro y podr\u00e1s desbloquearlo autom\u00e1ticamente con un toque.<\/p>\n<p>Bater\u00eda de duraci\u00f3n superior<br \/>\u00a1Desenchufate! Con la s\u00faper bater\u00eda de 5000 mAh tendr\u00e1s energ\u00eda por mucho m\u00e1s tiempo para jugar, ver series o trabajar sin necesidad de realizar recargas.<\/p>\n<p>Incluye:<br \/>Cargador Turbo + Cable USB<br \/>Cargador Inal\u00e1mbrico<br \/>Protector &#8211; Vidrio Templado<\/p>\n","protected":false},"excerpt":{"rendered":"<p><span class=\"ui-pdp-color--BLACK ui-pdp-size--XSMALL ui-pdp-family--REGULAR\">Tama\u00f1o de la pantalla<\/span>:\u00a0<span class=\"ui-pdp-color--BLACK ui-pdp-size--XSMALL ui-pdp-family--SEMIBOLD\">6.78 \u00ab<\/span><br \/>(<span class=\"ui-pdp-color--BLACK ui-pdp-size--XSMALL ui-pdp-family--REGULAR\">164.3 mm x 71.5 mm x 8.1 mm<\/span>)<\/p>\n<p><span class=\"ui-pdp-color--BLACK ui-pdp-size--XSMALL ui-pdp-family--REGULAR\">Memoria interna:<\/span>\u00a0<span class=\"ui-pdp-color--BLACK ui-pdp-size--XSMALL ui-pdp-family--SEMIBOLD\">256 GB | Memoria RAM: 16 GB (8GB f\u00edsicos + 8Gb Virtuales)<\/span><\/p>\n<p><span class=\"ui-pdp-color--BLACK ui-pdp-size--XSMALL ui-pdp-family--REGULAR\">C\u00e1mara trasera principal:<\/span>\u00a0<span class=\"ui-pdp-color--BLACK ui-pdp-size--XSMALL ui-pdp-family--SEMIBOLD\">108 Mpx | <span class=\"ui-pdp-color--BLACK ui-pdp-size--XSMALL ui-pdp-family--REGULAR\">C\u00e1mara frontal principal:<\/span>\u00a032 Mpx<\/span><\/p>\n<p><span class=\"ui-pdp-color--BLACK ui-pdp-size--XSMALL ui-pdp-family--REGULAR\">Con NFC:<\/span>\u00a0<span class=\"ui-pdp-color--BLACK ui-pdp-size--XSMALL ui-pdp-family--SEMIBOLD\">S\u00ed | Desbloqueo:<\/span>\u00a0<span class=\"ui-pdp-color--BLACK ui-pdp-size--XSMALL ui-pdp-family--SEMIBOLD\">Huella dactilar<\/span><\/p>\n<p>Es Dual SIM | Cantidad de ranuras para tarjeta SIM: 2 | Sistema operativo: Android14<\/p>\n<p>Procesador: MediaTek Helio G99 Ultimate | Velocidad del Procesador: 2.2 GHz<\/p>\n","protected":false},"featured_media":213,"comment_status":"open","ping_status":"closed","template":"","meta":{"_et_pb_use_builder":"","_et_pb_old_content":"","_et_gb_content_width":"","_joinchat":{"telephone":"+543884548554","message_text":"Hola! En breve un asesor responder\u00e1 tus consultas, record\u00e1 que nuestro horario de atenci\u00f3n es de 09 a 13hs y 17 a 21hs.","message_send":"Hola RedexIT! Tengo una consulta..."}},"product_brand":[],"product_cat":[18],"product_tag":[19],"class_list":{"0":"post-301","1":"product","2":"type-product","3":"status-publish","4":"has-post-thumbnail","6":"product_cat-sin-categorizar","7":"product_tag-infinix-note-40-pro","9":"first","10":"outofstock","11":"sale","12":"taxable","13":"shipping-taxable","14":"purchasable","15":"product-type-simple"},"jetpack_sharing_enabled":true,"_links":{"self":[{"href":"https:\/\/redexit.com.ar\/index.php?rest_route=\/wp\/v2\/product\/301","targetHints":{"allow":["GET"]}}],"collection":[{"href":"https:\/\/redexit.com.ar\/index.php?rest_route=\/wp\/v2\/product"}],"about":[{"href":"https:\/\/redexit.com.ar\/index.php?rest_route=\/wp\/v2\/types\/product"}],"replies":[{"embeddable":true,"href":"https:\/\/redexit.com.ar\/index.php?rest_route=%2Fwp%2Fv2%2Fcomments&post=301"}],"wp:featuredmedia":[{"embeddable":true,"href":"https:\/\/redexit.com.ar\/index.php?rest_route=\/wp\/v2\/media\/213"}],"wp:attachment":[{"href":"https:\/\/redexit.com.ar\/index.php?rest_route=%2Fwp%2Fv2%2Fmedia&parent=301"}],"wp:term":[{"taxonomy":"product_brand","embeddable":true,"href":"https:\/\/redexit.com.ar\/index.php?rest_route=%2Fwp%2Fv2%2Fproduct_brand&post=301"},{"taxonomy":"product_cat","embeddable":true,"href":"https:\/\/redexit.com.ar\/index.php?rest_route=%2Fwp%2Fv2%2Fproduct_cat&post=301"},{"taxonomy":"product_tag","embeddable":true,"href":"https:\/\/redexit.com.ar\/index.php?rest_route=%2Fwp%2Fv2%2Fproduct_tag&post=301"}],"curies":[{"name":"wp","href":"https:\/\/api.w.org\/{rel}","templated":true}]}}